{"id":10668,"date":"2025-05-19T14:37:01","date_gmt":"2025-05-19T19:37:01","guid":{"rendered":"https:\/\/www.salcedo.gob.ec\/?page_id=10668"},"modified":"2025-05-19T16:45:34","modified_gmt":"2025-05-19T21:45:34","slug":"transparencia-2025","status":"publish","type":"page","link":"https:\/\/www.salcedo.gob.ec\/?page_id=10668","title":{"rendered":"TRANSPARENCIA 2025"},"content":{"rendered":"\t\t<div data-elementor-type=\"wp-page\" data-elementor-id=\"10668\" class=\"elementor elementor-10668\" data-elementor-post-type=\"page\">\n\t\t\t\t<div class=\"elementor-element elementor-element-b622d08 e-flex e-con-boxed e-con e-parent\" data-id=\"b622d08\" data-element_type=\"container\" data-e-type=\"container\">\n\t\t\t\t\t<div class=\"e-con-inner\">\n\t\t\t\t<div class=\"elementor-element elementor-element-127a75c elementor-widget elementor-widget-image\" data-id=\"127a75c\" data-element_type=\"widget\" data-e-type=\"widget\" data-widget_type=\"image.default\">\n\t\t\t\t\t\t\t\t\t\t\t\t\t\t\t<img fetchpriority=\"high\" decoding=\"async\" width=\"603\" height=\"222\" src=\"https:\/\/www.salcedo.gob.ec\/wp-content\/uploads\/2025\/05\/Logo-ley-de-transparencia-2025_Mesa-de-trabajo-1.png\" class=\"attachment-large size-large wp-image-10701\" alt=\"\" srcset=\"https:\/\/www.salcedo.gob.ec\/wp-content\/uploads\/2025\/05\/Logo-ley-de-transparencia-2025_Mesa-de-trabajo-1.png 603w, https:\/\/www.salcedo.gob.ec\/wp-content\/uploads\/2025\/05\/Logo-ley-de-transparencia-2025_Mesa-de-trabajo-1-300x110.png 300w, https:\/\/www.salcedo.gob.ec\/wp-content\/uploads\/2025\/05\/Logo-ley-de-transparencia-2025_Mesa-de-trabajo-1-320x118.png 320w, https:\/\/www.salcedo.gob.ec\/wp-content\/uploads\/2025\/05\/Logo-ley-de-transparencia-2025_Mesa-de-trabajo-1-480x177.png 480w\" sizes=\"(max-width: 603px) 100vw, 603px\" \/>\t\t\t\t\t\t\t\t\t\t\t\t\t\t\t<\/div>\n\t\t\t\t\t<\/div>\n\t\t\t\t<\/div>\n\t\t<div class=\"elementor-element elementor-element-e6cb05c e-flex e-con-boxed e-con e-parent\" data-id=\"e6cb05c\" data-element_type=\"container\" data-e-type=\"container\">\n\t\t\t\t\t<div class=\"e-con-inner\">\n\t\t\t\t<div class=\"elementor-element elementor-element-1f1eec2 elementor-widget elementor-widget-text-editor\" data-id=\"1f1eec2\" data-element_type=\"widget\" data-e-type=\"widget\" data-widget_type=\"text-editor.default\">\n\t\t\t\t\t\t\t\t\t<p>La Ley Org\u00e1nica de Transparencia y Acceso a la Informaci\u00f3n P\u00fablica (LOTAIP) obliga a observar a todas las Instituciones del Estado que conforman el Sector P\u00fablico en los t\u00e9rminos del art\u00edculo 118 de la Constituci\u00f3n de la Rep\u00fablica del Ecuador y dem\u00e1s entes se\u00f1alados en el art\u00edculo 8 de la Ley, a difundir a trav\u00e9s de un portal inform\u00e1tico web de informaci\u00f3n o a trav\u00e9s de los medios que dispongan, y que sean de f\u00e1cil acceso y comprensi\u00f3n, la siguiente informaci\u00f3n m\u00ednima actualizada mensualmente, que a efectos de la LOTAIP se la considera de naturaleza obligatoria.<\/p>\t\t\t\t\t\t\t\t<\/div>\n\t\t\t\t\t<\/div>\n\t\t\t\t<\/div>\n\t\t<div class=\"elementor-element elementor-element-c68b189 e-grid e-con-boxed e-con e-parent\" data-id=\"c68b189\" data-element_type=\"container\" data-e-type=\"container\">\n\t\t\t\t\t<div class=\"e-con-inner\">\n\t\t\t\t<div class=\"elementor-element elementor-element-0da05ae elementor-widget elementor-widget-text-editor\" data-id=\"0da05ae\" data-element_type=\"widget\" data-e-type=\"widget\" data-widget_type=\"text-editor.default\">\n\t\t\t\t\t\t\t\t\t<p style=\"text-align: center;\"><a href=\"https:\/\/transparencia.dpe.gob.ec\/entidades\/835\">ENERO<\/a><\/p>\t\t\t\t\t\t\t\t<\/div>\n\t\t\t\t<div class=\"elementor-element elementor-element-fb884b4 elementor-widget elementor-widget-text-editor\" data-id=\"fb884b4\" data-element_type=\"widget\" data-e-type=\"widget\" data-widget_type=\"text-editor.default\">\n\t\t\t\t\t\t\t\t\t<p><a href=\"https:\/\/transparencia.dpe.gob.ec\/entidades\/835\">FEBRERO<\/a><\/p>\t\t\t\t\t\t\t\t<\/div>\n\t\t\t\t<div class=\"elementor-element elementor-element-66bcd3b elementor-widget elementor-widget-text-editor\" data-id=\"66bcd3b\" data-element_type=\"widget\" data-e-type=\"widget\" data-widget_type=\"text-editor.default\">\n\t\t\t\t\t\t\t\t\t<p><a href=\"https:\/\/transparencia.dpe.gob.ec\/entidades\/835\">MARZO<\/a><\/p>\t\t\t\t\t\t\t\t<\/div>\n\t\t\t\t<div class=\"elementor-element elementor-element-7029a4e elementor-widget elementor-widget-text-editor\" data-id=\"7029a4e\" data-element_type=\"widget\" data-e-type=\"widget\" data-widget_type=\"text-editor.default\">\n\t\t\t\t\t\t\t\t\t<p><a href=\"https:\/\/transparencia.dpe.gob.ec\/entidades\/835\">ABRIL<\/a><\/p>\t\t\t\t\t\t\t\t<\/div>\n\t\t\t\t<div class=\"elementor-element elementor-element-632d97f elementor-widget elementor-widget-text-editor\" data-id=\"632d97f\" data-element_type=\"widget\" data-e-type=\"widget\" data-widget_type=\"text-editor.default\">\n\t\t\t\t\t\t\t\t\t<p><a href=\"https:\/\/transparencia.dpe.gob.ec\/entidades\/835\">MAYO<\/a><\/p>\t\t\t\t\t\t\t\t<\/div>\n\t\t\t\t<div class=\"elementor-element elementor-element-910c6f4 elementor-widget elementor-widget-text-editor\" data-id=\"910c6f4\" data-element_type=\"widget\" data-e-type=\"widget\" data-widget_type=\"text-editor.default\">\n\t\t\t\t\t\t\t\t\t<p><a href=\"https:\/\/transparencia.dpe.gob.ec\/entidades\/835\">JUNIO<\/a><\/p>\t\t\t\t\t\t\t\t<\/div>\n\t\t\t\t<div class=\"elementor-element elementor-element-ef231be elementor-widget elementor-widget-text-editor\" data-id=\"ef231be\" data-element_type=\"widget\" data-e-type=\"widget\" data-widget_type=\"text-editor.default\">\n\t\t\t\t\t\t\t\t\t<p><a href=\"https:\/\/transparencia.dpe.gob.ec\/entidades\/835\">JULIO<\/a><\/p>\t\t\t\t\t\t\t\t<\/div>\n\t\t\t\t<div class=\"elementor-element elementor-element-338f70f elementor-widget elementor-widget-text-editor\" data-id=\"338f70f\" data-element_type=\"widget\" data-e-type=\"widget\" data-widget_type=\"text-editor.default\">\n\t\t\t\t\t\t\t\t\t<p><a href=\"https:\/\/transparencia.dpe.gob.ec\/entidades\/835\">AGOSTO<\/a><\/p>\t\t\t\t\t\t\t\t<\/div>\n\t\t\t\t<div class=\"elementor-element elementor-element-f7f6ba4 elementor-widget elementor-widget-text-editor\" data-id=\"f7f6ba4\" data-element_type=\"widget\" data-e-type=\"widget\" data-widget_type=\"text-editor.default\">\n\t\t\t\t\t\t\t\t\t<p><a href=\"https:\/\/transparencia.dpe.gob.ec\/entidades\/835\">SEPTIEMBRE<\/a><\/p>\t\t\t\t\t\t\t\t<\/div>\n\t\t\t\t<div class=\"elementor-element elementor-element-b6f171d elementor-widget elementor-widget-text-editor\" data-id=\"b6f171d\" data-element_type=\"widget\" data-e-type=\"widget\" data-widget_type=\"text-editor.default\">\n\t\t\t\t\t\t\t\t\t<p><a href=\"https:\/\/transparencia.dpe.gob.ec\/entidades\/835\">OCTUBRE<\/a><\/p>\t\t\t\t\t\t\t\t<\/div>\n\t\t\t\t<div class=\"elementor-element elementor-element-f46b4f1 elementor-widget elementor-widget-text-editor\" data-id=\"f46b4f1\" data-element_type=\"widget\" data-e-type=\"widget\" data-widget_type=\"text-editor.default\">\n\t\t\t\t\t\t\t\t\t<p><a href=\"https:\/\/transparencia.dpe.gob.ec\/entidades\/835\">NOVIEMBRE<\/a><\/p>\t\t\t\t\t\t\t\t<\/div>\n\t\t\t\t<div class=\"elementor-element elementor-element-cdd3c66 elementor-widget elementor-widget-text-editor\" data-id=\"cdd3c66\" data-element_type=\"widget\" data-e-type=\"widget\" data-widget_type=\"text-editor.default\">\n\t\t\t\t\t\t\t\t\t<p><a href=\"https:\/\/transparencia.dpe.gob.ec\/entidades\/835\">DICIEMBRE<\/a><\/p>\t\t\t\t\t\t\t\t<\/div>\n\t\t\t\t\t<\/div>\n\t\t\t\t<\/div>\n\t\t\t\t<\/div>\n\t\t","protected":false},"excerpt":{"rendered":"<p>La Ley Org\u00e1nica de Transparencia y Acceso a la Informaci\u00f3n P\u00fablica (LOTAIP) obliga a observar a todas las Instituciones del Estado que conforman el Sector P\u00fablico en los t\u00e9rminos del art\u00edculo 118 de la Constituci\u00f3n de la Rep\u00fablica del Ecuador y dem\u00e1s entes se\u00f1alados en el art\u00edculo 8 de la Ley, a difundir a trav\u00e9s [&hellip;]<\/p>\n","protected":false},"author":1,"featured_media":0,"parent":0,"menu_order":0,"comment_status":"closed","ping_status":"closed","template":"","meta":{"_acf_changed":false,"_crdt_document":"","footnotes":""},"class_list":["post-10668","page","type-page","status-publish","hentry"],"acf":[],"_links":{"self":[{"href":"https:\/\/www.salcedo.gob.ec\/index.php?rest_route=\/wp\/v2\/pages\/10668","targetHints":{"allow":["GET"]}}],"collection":[{"href":"https:\/\/www.salcedo.gob.ec\/index.php?rest_route=\/wp\/v2\/pages"}],"about":[{"href":"https:\/\/www.salcedo.gob.ec\/index.php?rest_route=\/wp\/v2\/types\/page"}],"author":[{"embeddable":true,"href":"https:\/\/www.salcedo.gob.ec\/index.php?rest_route=\/wp\/v2\/users\/1"}],"replies":[{"embeddable":true,"href":"https:\/\/www.salcedo.gob.ec\/index.php?rest_route=%2Fwp%2Fv2%2Fcomments&post=10668"}],"version-history":[{"count":0,"href":"https:\/\/www.salcedo.gob.ec\/index.php?rest_route=\/wp\/v2\/pages\/10668\/revisions"}],"wp:attachment":[{"href":"https:\/\/www.salcedo.gob.ec\/index.php?rest_route=%2Fwp%2Fv2%2Fmedia&parent=10668"}],"curies":[{"name":"wp","href":"https:\/\/api.w.org\/{rel}","templated":true}]}}