{"id":10784,"date":"2025-08-04T15:53:19","date_gmt":"2025-08-04T20:53:19","guid":{"rendered":"https:\/\/www.salcedo.gob.ec\/?page_id=10784"},"modified":"2025-08-07T10:00:16","modified_gmt":"2025-08-07T15:00:16","slug":"participacion-ciudadana","status":"publish","type":"page","link":"https:\/\/www.salcedo.gob.ec\/?page_id=10784","title":{"rendered":"Participaci\u00f3n Ciudadana"},"content":{"rendered":"\t\t<div data-elementor-type=\"wp-page\" data-elementor-id=\"10784\" class=\"elementor elementor-10784\" data-elementor-post-type=\"page\">\n\t\t\t\t<div class=\"elementor-element elementor-element-093bc72 e-flex e-con-boxed e-con e-parent\" data-id=\"093bc72\" data-element_type=\"container\" data-e-type=\"container\">\n\t\t\t\t\t<div class=\"e-con-inner\">\n\t\t\t\t<div class=\"elementor-element elementor-element-13c4fe9 elementor-widget elementor-widget-text-editor\" data-id=\"13c4fe9\" data-element_type=\"widget\" data-e-type=\"widget\" data-widget_type=\"text-editor.default\">\n\t\t\t\t\t\t\t\t\t<p style=\"text-align: center;\"><strong>!Tu voz es importante!<\/strong><\/p><p>En el marco de la creaci\u00f3n del Plan Estrat\u00e9gico Institucional (PEI) del GAD Municipal de Salcedo, evaluamos el sentir y la percepci\u00f3n de la ciudadan\u00eda, convencidos de que una planificaci\u00f3n construida con participaci\u00f3n es una herramienta m\u00e1s justa, incluyente y representativa.<\/p><p>Este proceso es fundamental para definir el rumbo de nuestro cant\u00f3n en los pr\u00f3ximos a\u00f1os, a trav\u00e9s de una gesti\u00f3n p\u00fablica transparente, eficiente y alineada con las verdaderas necesidades de la poblaci\u00f3n. La participaci\u00f3n activa de la ciudadan\u00eda permite construir pol\u00edticas y proyectos que respondan a la realidad local y fomenten el desarrollo sostenible del territorio.<\/p><p>Por ello, te invitamos a ser parte de este importante proceso llenando el siguiente formulario. Tu opini\u00f3n es clave para fortalecer la visi\u00f3n estrat\u00e9gica del municipio y construir juntos el Salcedo que so\u00f1amos, con equidad, justicia y oportunidades para todos.<\/p>\t\t\t\t\t\t\t\t<\/div>\n\t\t\t\t\t<\/div>\n\t\t\t\t<\/div>\n\t\t<div class=\"elementor-element elementor-element-e1ab36d e-flex e-con-boxed e-con e-parent\" data-id=\"e1ab36d\" data-element_type=\"container\" data-e-type=\"container\">\n\t\t\t\t\t<div class=\"e-con-inner\">\n\t\t\t\t<div class=\"elementor-element elementor-element-24f4613 elementor-widget elementor-widget-button\" data-id=\"24f4613\" data-element_type=\"widget\" data-e-type=\"widget\" data-widget_type=\"button.default\">\n\t\t\t\t\t\t\t\t\t\t<a class=\"elementor-button elementor-button-link elementor-size-sm\" href=\"https:\/\/forms.gle\/ZGUVfvFcLtogwrb1A\" target=\"_blank\">\n\t\t\t\t\t\t<span class=\"elementor-button-content-wrapper\">\n\t\t\t\t\t\t\t\t\t<span class=\"elementor-button-text\">Llenar el formulario<\/span>\n\t\t\t\t\t<\/span>\n\t\t\t\t\t<\/a>\n\t\t\t\t\t\t\t\t<\/div>\n\t\t\t\t\t<\/div>\n\t\t\t\t<\/div>\n\t\t<div class=\"elementor-element elementor-element-dc48927 e-flex e-con-boxed e-con e-parent\" data-id=\"dc48927\" data-element_type=\"container\" data-e-type=\"container\">\n\t\t\t\t\t<div class=\"e-con-inner\">\n\t\t\t\t<div class=\"elementor-element elementor-element-ce4708f elementor-widget elementor-widget-video\" data-id=\"ce4708f\" data-element_type=\"widget\" data-e-type=\"widget\" data-settings=\"{&quot;youtube_url&quot;:&quot;https:\\\/\\\/youtu.be\\\/2dcoIVLxeQg?si=ecAN3IlkdIinNRJ3&quot;,&quot;video_type&quot;:&quot;youtube&quot;,&quot;controls&quot;:&quot;yes&quot;}\" data-widget_type=\"video.default\">\n\t\t\t\t\t\t\t<div class=\"elementor-wrapper elementor-open-inline\">\n\t\t\t<div class=\"elementor-video\"><\/div>\t\t<\/div>\n\t\t\t\t\t\t<\/div>\n\t\t\t\t\t<\/div>\n\t\t\t\t<\/div>\n\t\t<div class=\"elementor-element elementor-element-021690d e-flex e-con-boxed e-con e-parent\" data-id=\"021690d\" data-element_type=\"container\" data-e-type=\"container\">\n\t\t\t\t\t<div class=\"e-con-inner\">\n\t\t\t\t\t<\/div>\n\t\t\t\t<\/div>\n\t\t\t\t<\/div>\n\t\t","protected":false},"excerpt":{"rendered":"<p>!Tu voz es importante! En el marco de la creaci\u00f3n del Plan Estrat\u00e9gico Institucional (PEI) del GAD Municipal de Salcedo, evaluamos el sentir y la percepci\u00f3n de la ciudadan\u00eda, convencidos de que una planificaci\u00f3n construida con participaci\u00f3n es una herramienta m\u00e1s justa, incluyente y representativa. Este proceso es fundamental para definir el rumbo de nuestro [&hellip;]<\/p>\n","protected":false},"author":1,"featured_media":0,"parent":0,"menu_order":0,"comment_status":"closed","ping_status":"closed","template":"","meta":{"_acf_changed":false,"_crdt_document":"","footnotes":""},"class_list":["post-10784","page","type-page","status-publish","hentry"],"acf":[],"_links":{"self":[{"href":"https:\/\/www.salcedo.gob.ec\/index.php?rest_route=\/wp\/v2\/pages\/10784","targetHints":{"allow":["GET"]}}],"collection":[{"href":"https:\/\/www.salcedo.gob.ec\/index.php?rest_route=\/wp\/v2\/pages"}],"about":[{"href":"https:\/\/www.salcedo.gob.ec\/index.php?rest_route=\/wp\/v2\/types\/page"}],"author":[{"embeddable":true,"href":"https:\/\/www.salcedo.gob.ec\/index.php?rest_route=\/wp\/v2\/users\/1"}],"replies":[{"embeddable":true,"href":"https:\/\/www.salcedo.gob.ec\/index.php?rest_route=%2Fwp%2Fv2%2Fcomments&post=10784"}],"version-history":[{"count":0,"href":"https:\/\/www.salcedo.gob.ec\/index.php?rest_route=\/wp\/v2\/pages\/10784\/revisions"}],"wp:attachment":[{"href":"https:\/\/www.salcedo.gob.ec\/index.php?rest_route=%2Fwp%2Fv2%2Fmedia&parent=10784"}],"curies":[{"name":"wp","href":"https:\/\/api.w.org\/{rel}","templated":true}]}}

Participación Ciudadana

<div data-elementor-type="wp-page" data-elementor-id="10784" class="elementor elementor-10784" data-elementor-post-type="page">
				<div class="elementor-element elementor-element-093bc72 e-flex e-con-boxed e-con e-parent" data-id="093bc72" data-element_type="container" data-e-type="container">
					<div class="e-con-inner">
				<div class="elementor-element elementor-element-13c4fe9 elementor-widget elementor-widget-text-editor" data-id="13c4fe9" data-element_type="widget" data-e-type="widget" data-widget_type="text-editor.default">
									<p style="text-align: center;"><strong>!Tu voz es importante!</strong></p><p>En el marco de la creación del Plan Estratégico Institucional (PEI) del GAD Municipal de Salcedo, evaluamos el sentir y la percepción de la ciudadanía, convencidos de que una planificación construida con participación es una herramienta más justa, incluyente y representativa.</p><p>Este proceso es fundamental para definir el rumbo de nuestro cantón en los próximos años, a través de una gestión pública transparente, eficiente y alineada con las verdaderas necesidades de la población. La participación activa de la ciudadanía permite construir políticas y proyectos que respondan a la realidad local y fomenten el desarrollo sostenible del territorio.</p><p>Por ello, te invitamos a ser parte de este importante proceso llenando el siguiente formulario. Tu opinión es clave para fortalecer la visión estratégica del municipio y construir juntos el Salcedo que soñamos, con equidad, justicia y oportunidades para todos.</p>								</div>
					</div>
				</div>
		<div class="elementor-element elementor-element-e1ab36d e-flex e-con-boxed e-con e-parent" data-id="e1ab36d" data-element_type="container" data-e-type="container">
					<div class="e-con-inner">
				<div class="elementor-element elementor-element-24f4613 elementor-widget elementor-widget-button" data-id="24f4613" data-element_type="widget" data-e-type="widget" data-widget_type="button.default">
										<a class="elementor-button elementor-button-link elementor-size-sm" href="https://forms.gle/ZGUVfvFcLtogwrb1A" target="_blank">
						<span class="elementor-button-content-wrapper">
									<span class="elementor-button-text">Llenar el formulario</span>
					</span>
					</a>
								</div>
					</div>
				</div>
		<div class="elementor-element elementor-element-dc48927 e-flex e-con-boxed e-con e-parent" data-id="dc48927" data-element_type="container" data-e-type="container">
					<div class="e-con-inner">
				<div class="elementor-element elementor-element-ce4708f elementor-widget elementor-widget-video" data-id="ce4708f" data-element_type="widget" data-e-type="widget" data-settings="{&quot;youtube_url&quot;:&quot;https:\/\/youtu.be\/2dcoIVLxeQg?si=ecAN3IlkdIinNRJ3&quot;,&quot;video_type&quot;:&quot;youtube&quot;,&quot;controls&quot;:&quot;yes&quot;}" data-widget_type="video.default">
							<div class="elementor-wrapper elementor-open-inline">
			<div class="elementor-video"></div>		</div>
						</div>
					</div>
				</div>
		<div class="elementor-element elementor-element-021690d e-flex e-con-boxed e-con e-parent" data-id="021690d" data-element_type="container" data-e-type="container">
					<div class="e-con-inner">
					</div>
				</div>
				</div>

<p>!Tu voz es importante! En el marco de la creación del Plan Estratégico Institucional (PEI) del GAD Municipal de Salcedo, evaluamos el sentir y la percepción de la ciudadanía, convencidos de que una planificación construida con participación es una herramienta más justa, incluyente y representativa. Este proceso es fundamental para definir el rumbo de nuestro [&hellip;]</p>
