{"id":4164,"date":"2020-01-27T16:15:13","date_gmt":"2020-01-27T16:15:13","guid":{"rendered":"https:\/\/www.salcedo.gob.ec\/?page_id=4164"},"modified":"2021-06-03T15:59:36","modified_gmt":"2021-06-03T20:59:36","slug":"pac","status":"publish","type":"page","link":"https:\/\/www.salcedo.gob.ec\/?page_id=4164","title":{"rendered":"PAC"},"content":{"rendered":"<p>[vc_row][vc_column][vc_column_text]<\/p>\n<div id=\"pl-1018\" class=\"panel-layout\">\n<div id=\"pg-1018-0\" class=\"panel-grid panel-no-style\">\n<div id=\"pgc-1018-0-0\" class=\"panel-grid-cell\" data-weight=\"1\">\n<div id=\"panel-1018-0-0-0\" class=\"so-panel widget widget_sow-editor panel-first-child\" data-index=\"0\" data-style=\"{&quot;background_display&quot;:&quot;tile&quot;}\">\n<div class=\"so-widget-sow-editor so-widget-sow-editor-base\"><span class=\"ILfuVd\"><span class=\"e24Kjd\">Plan Anual de Contrataci\u00f3n (<b>PAC<\/b>) es la planificaci\u00f3n anual que debe realizar toda Entidad Contratante, para realizar la adquisici\u00f3n de bienes, servicios, obras y consultor\u00edas necesarias para desarrollar y cumplir con sus actividades de manera eficiente con el fin de cumplir sus metas institucionales. <\/span><\/span><\/div>\n<\/div>\n<\/div>\n<\/div>\n<\/div>\n<p>[\/vc_column_text][\/vc_column][\/vc_row][vc_row][vc_column][vc_tta_accordion style=\u00bbmodern\u00bb shape=\u00bbsquare\u00bb spacing=\u00bb20&#8243; c_icon=\u00bbtriangle\u00bb active_section=\u00bb100&#8243; no_fill=\u00bbtrue\u00bb collapsible_all=\u00bbtrue\u00bb][vc_tta_section i_icon_fontawesome=\u00bbfa fa-calendar\u00bb add_icon=\u00bbtrue\u00bb title=\u00bbProcesos 2020&#8243; tab_id=\u00bbAnio2021&#8243;][vc_row_inner][vc_column_inner][vc_column_text]<div class=\"sdm_download_item \"><div class=\"sdm_download_item_top\"><div class=\"sdm_download_thumbnail\"><\/div><div class=\"sdm_download_title\">EMER-GADMCS-2020-01 DAVID MERA<\/div><\/div><div style=\"clear:both;\"><\/div><div class=\"sdm_download_description\"><\/div><div class=\"sdm_download_link\"><span class=\"sdm_download_button\"><a href=\"https:\/\/www.salcedo.gob.ec\/?sdm_process_download=1&download_id=5729\" class=\"sdm_download green\" title=\"EMER-GADMCS-2020-01 DAVID MERA\" target=\"_blank\">\u00a1Descarga ahora!<\/a><\/span><span class=\"sdm_download_item_count\"><span class=\"sdm_item_count_number\">283<\/span><span class=\"sdm_item_count_string\"> Descargas<\/span><\/span><\/div><\/div><div class=\"sdm_clear_float\"><\/div>[\/vc_column_text][vc_column_text]<div class=\"sdm_download_item \"><div class=\"sdm_download_item_top\"><div class=\"sdm_download_thumbnail\"><\/div><div class=\"sdm_download_title\">CONTRATO EMER-GADMCS-2020-02 CRISTIAN CARRILLO<\/div><\/div><div style=\"clear:both;\"><\/div><div class=\"sdm_download_description\"><\/div><div class=\"sdm_download_link\"><span class=\"sdm_download_button\"><a href=\"https:\/\/www.salcedo.gob.ec\/?sdm_process_download=1&download_id=5728\" class=\"sdm_download green\" title=\"CONTRATO EMER-GADMCS-2020-02 CRISTIAN CARRILLO\" target=\"_blank\">\u00a1Descarga ahora!<\/a><\/span><span class=\"sdm_download_item_count\"><span class=\"sdm_item_count_number\">267<\/span><span class=\"sdm_item_count_string\"> Descargas<\/span><\/span><\/div><\/div><div class=\"sdm_clear_float\"><\/div>[\/vc_column_text][vc_column_text]<div class=\"sdm_download_item \"><div class=\"sdm_download_item_top\"><div class=\"sdm_download_thumbnail\"><\/div><div class=\"sdm_download_title\">ORDEN DE COMPRA-009-GADMCS-2020 CARRILLO CRISTIAN<\/div><\/div><div style=\"clear:both;\"><\/div><div class=\"sdm_download_description\"><\/div><div class=\"sdm_download_link\"><span class=\"sdm_download_button\"><a href=\"https:\/\/www.salcedo.gob.ec\/?sdm_process_download=1&download_id=5732\" class=\"sdm_download green\" title=\"ORDEN DE COMPRA-009-GADMCS-2020 CARRILLO CRISTIAN\" target=\"_blank\">\u00a1Descarga ahora!<\/a><\/span><span class=\"sdm_download_item_count\"><span class=\"sdm_item_count_number\">264<\/span><span class=\"sdm_item_count_string\"> Descargas<\/span><\/span><\/div><\/div><div class=\"sdm_clear_float\"><\/div>[\/vc_column_text][vc_column_text]<div class=\"sdm_download_item \"><div class=\"sdm_download_item_top\"><div class=\"sdm_download_thumbnail\"><\/div><div class=\"sdm_download_title\">ORDEN DE COMPRA-010-GADMCS-2020 AVIHOL<\/div><\/div><div style=\"clear:both;\"><\/div><div class=\"sdm_download_description\"><\/div><div class=\"sdm_download_link\"><span class=\"sdm_download_button\"><a href=\"https:\/\/www.salcedo.gob.ec\/?sdm_process_download=1&download_id=5733\" class=\"sdm_download green\" title=\"ORDEN DE COMPRA-010-GADMCS-2020 AVIHOL\" target=\"_blank\">\u00a1Descarga ahora!<\/a><\/span><span class=\"sdm_download_item_count\"><span class=\"sdm_item_count_number\">260<\/span><span class=\"sdm_item_count_string\"> Descargas<\/span><\/span><\/div><\/div><div class=\"sdm_clear_float\"><\/div>[\/vc_column_text][vc_column_text]<div class=\"sdm_download_item \"><div class=\"sdm_download_item_top\"><div class=\"sdm_download_thumbnail\"><\/div><div class=\"sdm_download_title\">ORDEN DE COMPRA-011-GADMCS-2020 MEJIA PAUL<\/div><\/div><div style=\"clear:both;\"><\/div><div class=\"sdm_download_description\"><\/div><div class=\"sdm_download_link\"><span class=\"sdm_download_button\"><a href=\"https:\/\/www.salcedo.gob.ec\/?sdm_process_download=1&download_id=5734\" class=\"sdm_download green\" title=\"ORDEN DE COMPRA-011-GADMCS-2020 MEJIA PAUL\" target=\"_blank\">\u00a1Descarga ahora!<\/a><\/span><span class=\"sdm_download_item_count\"><span class=\"sdm_item_count_number\">255<\/span><span class=\"sdm_item_count_string\"> Descargas<\/span><\/span><\/div><\/div><div class=\"sdm_clear_float\"><\/div>[\/vc_column_text][vc_column_text]<div class=\"sdm_download_item \"><div class=\"sdm_download_item_top\"><div class=\"sdm_download_thumbnail\"><\/div><div class=\"sdm_download_title\">ORDEN DE COMPRA-012-GADMCS-2020 SANCHEZ ANDREA<\/div><\/div><div style=\"clear:both;\"><\/div><div class=\"sdm_download_description\"><\/div><div class=\"sdm_download_link\"><span class=\"sdm_download_button\"><a href=\"https:\/\/www.salcedo.gob.ec\/?sdm_process_download=1&download_id=5735\" class=\"sdm_download green\" title=\"ORDEN DE COMPRA-012-GADMCS-2020 SANCHEZ ANDREA\" target=\"_blank\">\u00a1Descarga ahora!<\/a><\/span><span class=\"sdm_download_item_count\"><span class=\"sdm_item_count_number\">261<\/span><span class=\"sdm_item_count_string\"> Descargas<\/span><\/span><\/div><\/div><div class=\"sdm_clear_float\"><\/div>[\/vc_column_text][vc_column_text]<div class=\"sdm_download_item \"><div class=\"sdm_download_item_top\"><div class=\"sdm_download_thumbnail\"><\/div><div class=\"sdm_download_title\">ORDEN DE COMPRA-013-GADMCS-2020 CARRILLO CRISTIAN<\/div><\/div><div style=\"clear:both;\"><\/div><div class=\"sdm_download_description\"><\/div><div class=\"sdm_download_link\"><span class=\"sdm_download_button\"><a href=\"https:\/\/www.salcedo.gob.ec\/?sdm_process_download=1&download_id=5730\" class=\"sdm_download green\" title=\"ORDEN DE COMPRA-013-GADMCS-2020 CARRILLO CRISTIAN\" target=\"_blank\">\u00a1Descarga ahora!<\/a><\/span><span class=\"sdm_download_item_count\"><span class=\"sdm_item_count_number\">256<\/span><span class=\"sdm_item_count_string\"> Descargas<\/span><\/span><\/div><\/div><div class=\"sdm_clear_float\"><\/div>[\/vc_column_text][\/vc_column_inner][\/vc_row_inner][\/vc_tta_section][vc_tta_section i_icon_fontawesome=\u00bbfa fa-calendar\u00bb add_icon=\u00bbtrue\u00bb title=\u00bbDirectrices para Proveedores\u00bb tab_id=\u00bb1622753821210-c3f3a34b-2106&#8243;][vc_row_inner][vc_column_inner][vc_column_text]<div class=\"sdm_download_item \"><div class=\"sdm_download_item_top\"><div class=\"sdm_download_thumbnail\"><\/div><div class=\"sdm_download_title\">Directrices para Proveedores procesos Infima Cuant\u00eda<\/div><\/div><div style=\"clear:both;\"><\/div><div class=\"sdm_download_description\"><p>Este comunicado est\u00e1 dirigido a los Se\u00f1ores Oferente que est\u00e9n interesados en participar en el proceso de contrataci\u00f3n de Infimas Cuant\u00edas con el GAD Municipal del Cant\u00f3n Salcedo<strong>.<\/strong><\/p>\n<p>El SERCOP ha puesto a disposici\u00f3n la herramienta inform\u00e1tica para la publicaci\u00f3n de NECESIDADES DE INFIMA CUANTIAS, por lo que, los Se\u00f1ores Oferentes interesados en presentar sus proformas y\/o cotizaciones, deber\u00e1n revisar el portal de Compras P\u00fablicas.<\/p>\n<p>SE ADJUNTA INSTRUCTIVO PARA EL MANEJO DE LA HERRAMIENTA<\/p>\n<p><a href=\"https:\/\/drive.google.com\/file\/d\/1m5FY9T-5ZYRJHgyVUKtPXMYiwrymI_DX\/view?usp=sharing\">https:\/\/drive.google.com\/file\/d\/1m5FY9T-5ZYRJHgyVUKtPXMYiwrymI_DX\/view?usp=sharing<\/a><\/p>\n<p>OFICIO SERCOP<\/p>\n<p><a href=\"https:\/\/drive.google.com\/file\/d\/1Yk2n1hA0qLO6JtAHZgMyVx-Wd_IyCnfQ\/view?usp=sharing\">https:\/\/drive.google.com\/file\/d\/1Yk2n1hA0qLO6JtAHZgMyVx-Wd_IyCnfQ\/view?usp=sharing<\/a><\/p>\n<p>LISTADO CPC<\/p>\n<p><a href=\"https:\/\/drive.google.com\/file\/d\/1ZUdvVu00O7sajIWlFnhyrw2JfoDadVM0\/view?usp=sharing\">https:\/\/drive.google.com\/file\/d\/1ZUdvVu00O7sajIWlFnhyrw2JfoDadVM0\/view?usp=sharing<\/a><\/p>\n<\/div><div class=\"sdm_download_link\"><span class=\"sdm_download_button\"><a href=\"https:\/\/www.salcedo.gob.ec\/?sdm_process_download=1&download_id=5701\" class=\"sdm_download green\" title=\"Directrices para Proveedores procesos Infima Cuant\u00eda\" target=\"_blank\">\u00a1Descarga ahora!<\/a><\/span><span class=\"sdm_download_item_count\"><span class=\"sdm_item_count_number\">0<\/span><span class=\"sdm_item_count_string\"> Descargas<\/span><\/span><\/div><\/div><div class=\"sdm_clear_float\"><\/div>[\/vc_column_text][\/vc_column_inner][\/vc_row_inner][\/vc_tta_section][vc_tta_section i_icon_fontawesome=\u00bbfa fa-calendar\u00bb add_icon=\u00bbtrue\u00bb title=\u00bbA\u00f1o 2021&#8243; tab_id=\u00bb1622067057078-2063bf3c-16ad\u00bb][vc_row_inner][vc_column_inner][vc_column_text]<div class=\"sdm_download_item \"><div class=\"sdm_download_item_top\"><div class=\"sdm_download_thumbnail\"><\/div><div class=\"sdm_download_title\">PAC 2021<\/div><\/div><div style=\"clear:both;\"><\/div><div class=\"sdm_download_description\"><\/div><div class=\"sdm_download_link\"><span class=\"sdm_download_button\"><a href=\"https:\/\/www.salcedo.gob.ec\/?sdm_process_download=1&download_id=5323\" class=\"sdm_download green\" title=\"PAC 2021\" target=\"_blank\">\u00a1Descarga ahora!<\/a><\/span><span class=\"sdm_download_item_count\"><span class=\"sdm_item_count_number\">418<\/span><span class=\"sdm_item_count_string\"> Descargas<\/span><\/span><\/div><\/div><div class=\"sdm_clear_float\"><\/div>[\/vc_column_text][\/vc_column_inner][\/vc_row_inner][\/vc_tta_section][vc_tta_section i_icon_fontawesome=\u00bbfa fa-calendar\u00bb add_icon=\u00bbtrue\u00bb title=\u00bbA\u00f1o 2020&#8243; tab_id=\u00bb1611001477005-6d661bb6-e9e1&#8243;][vc_row_inner][vc_column_inner][vc_column_text]<div class=\"sdm_download_item \"><div class=\"sdm_download_item_top\"><div class=\"sdm_download_thumbnail\"><\/div><div class=\"sdm_download_title\">PAC 2020<\/div><\/div><div style=\"clear:both;\"><\/div><div class=\"sdm_download_description\"><\/div><div class=\"sdm_download_link\"><span class=\"sdm_download_button\"><a href=\"https:\/\/www.salcedo.gob.ec\/?sdm_process_download=1&download_id=4203\" class=\"sdm_download green\" title=\"PAC 2020\" target=\"_blank\">\u00a1Descarga ahora!<\/a><\/span><span class=\"sdm_download_item_count\"><span class=\"sdm_item_count_number\">694<\/span><span class=\"sdm_item_count_string\"> Descargas<\/span><\/span><\/div><\/div><div class=\"sdm_clear_float\"><\/div>[\/vc_column_text][\/vc_column_inner][\/vc_row_inner][\/vc_tta_section][vc_tta_section i_icon_fontawesome=\u00bbfa fa-calendar\u00bb add_icon=\u00bbtrue\u00bb title=\u00bbA\u00f1o 2019&#8243; tab_id=\u00bb1581208430783-8a9293bd-2d86&#8243;][vc_row_inner][vc_column_inner][vc_column_text]<div class=\"sdm_download_item \"><div class=\"sdm_download_item_top\"><div class=\"sdm_download_thumbnail\"><\/div><div class=\"sdm_download_title\">PAC 2019<\/div><\/div><div style=\"clear:both;\"><\/div><div class=\"sdm_download_description\"><\/div><div class=\"sdm_download_link\"><span class=\"sdm_download_button\"><a href=\"https:\/\/www.salcedo.gob.ec\/?sdm_process_download=1&download_id=4177\" class=\"sdm_download green\" title=\"PAC 2019\" target=\"_blank\">\u00a1Descarga ahora!<\/a><\/span><span class=\"sdm_download_item_count\"><span class=\"sdm_item_count_number\">567<\/span><span class=\"sdm_item_count_string\"> Descargas<\/span><\/span><\/div><\/div><div class=\"sdm_clear_float\"><\/div>[\/vc_column_text][\/vc_column_inner][\/vc_row_inner][\/vc_tta_section][\/vc_tta_accordion][\/vc_column][\/vc_row][vc_row][vc_column][vc_column_text]<\/p>\n<p><span class=\"ILfuVd\"><span class=\"e24Kjd\">\u00a0<\/span><\/span>[\/vc_column_text][\/vc_column][\/vc_row]<\/p>\n","protected":false},"excerpt":{"rendered":"<p>[vc_row][vc_column][vc_column_text] Plan Anual de Contrataci\u00f3n (PAC) es la planificaci\u00f3n anual que debe realizar toda Entidad Contratante, para realizar la adquisici\u00f3n de bienes, servicios, obras y consultor\u00edas necesarias para desarrollar y cumplir con sus actividades de manera eficiente con el fin de cumplir sus metas institucionales. [\/vc_column_text][\/vc_column][\/vc_row][vc_row][vc_column][vc_tta_accordion style=\u00bbmodern\u00bb shape=\u00bbsquare\u00bb spacing=\u00bb20&#8243; c_icon=\u00bbtriangle\u00bb active_section=\u00bb100&#8243; no_fill=\u00bbtrue\u00bb collapsible_all=\u00bbtrue\u00bb][vc_tta_section i_icon_fontawesome=\u00bbfa fa-calendar\u00bb [&hellip;]<\/p>\n","protected":false},"author":1,"featured_media":0,"parent":0,"menu_order":0,"comment_status":"closed","ping_status":"closed","template":"","meta":{"_acf_changed":false,"_crdt_document":"","footnotes":""},"class_list":["post-4164","page","type-page","status-publish","hentry"],"acf":[],"_links":{"self":[{"href":"https:\/\/www.salcedo.gob.ec\/index.php?rest_route=\/wp\/v2\/pages\/4164","targetHints":{"allow":["GET"]}}],"collection":[{"href":"https:\/\/www.salcedo.gob.ec\/index.php?rest_route=\/wp\/v2\/pages"}],"about":[{"href":"https:\/\/www.salcedo.gob.ec\/index.php?rest_route=\/wp\/v2\/types\/page"}],"author":[{"embeddable":true,"href":"https:\/\/www.salcedo.gob.ec\/index.php?rest_route=\/wp\/v2\/users\/1"}],"replies":[{"embeddable":true,"href":"https:\/\/www.salcedo.gob.ec\/index.php?rest_route=%2Fwp%2Fv2%2Fcomments&post=4164"}],"version-history":[{"count":0,"href":"https:\/\/www.salcedo.gob.ec\/index.php?rest_route=\/wp\/v2\/pages\/4164\/revisions"}],"wp:attachment":[{"href":"https:\/\/www.salcedo.gob.ec\/index.php?rest_route=%2Fwp%2Fv2%2Fmedia&parent=4164"}],"curies":[{"name":"wp","href":"https:\/\/api.w.org\/{rel}","templated":true}]}}