{"id":9421,"date":"2024-06-24T14:35:01","date_gmt":"2024-06-24T19:35:01","guid":{"rendered":"https:\/\/www.salcedo.gob.ec\/?page_id=9421"},"modified":"2024-06-25T10:49:21","modified_gmt":"2024-06-25T15:49:21","slug":"pdyot-2023","status":"publish","type":"page","link":"https:\/\/www.salcedo.gob.ec\/?page_id=9421","title":{"rendered":"PDYOT 2023"},"content":{"rendered":"\t\t<div data-elementor-type=\"wp-page\" data-elementor-id=\"9421\" class=\"elementor elementor-9421\" data-elementor-post-type=\"page\">\n\t\t\t\t<div class=\"elementor-element elementor-element-d310961 e-flex e-con-boxed e-con e-parent\" data-id=\"d310961\" data-element_type=\"container\" data-e-type=\"container\">\n\t\t\t\t\t<div class=\"e-con-inner\">\n\t\t\t\t<div class=\"elementor-element elementor-element-dc86cbb elementor-widget elementor-widget-image\" data-id=\"dc86cbb\" data-element_type=\"widget\" data-e-type=\"widget\" data-widget_type=\"image.default\">\n\t\t\t\t\t\t\t\t\t\t\t\t\t\t\t<img fetchpriority=\"high\" decoding=\"async\" width=\"800\" height=\"277\" src=\"https:\/\/www.salcedo.gob.ec\/wp-content\/uploads\/2024\/06\/Rendicion-de-cuentas-2023-1024x354.png\" class=\"attachment-large size-large wp-image-9416\" alt=\"\" srcset=\"https:\/\/www.salcedo.gob.ec\/wp-content\/uploads\/2024\/06\/Rendicion-de-cuentas-2023-1024x354.png 1024w, https:\/\/www.salcedo.gob.ec\/wp-content\/uploads\/2024\/06\/Rendicion-de-cuentas-2023-300x104.png 300w, https:\/\/www.salcedo.gob.ec\/wp-content\/uploads\/2024\/06\/Rendicion-de-cuentas-2023-768x266.png 768w, https:\/\/www.salcedo.gob.ec\/wp-content\/uploads\/2024\/06\/Rendicion-de-cuentas-2023-1536x531.png 1536w, https:\/\/www.salcedo.gob.ec\/wp-content\/uploads\/2024\/06\/Rendicion-de-cuentas-2023-320x111.png 320w, https:\/\/www.salcedo.gob.ec\/wp-content\/uploads\/2024\/06\/Rendicion-de-cuentas-2023-480x166.png 480w, https:\/\/www.salcedo.gob.ec\/wp-content\/uploads\/2024\/06\/Rendicion-de-cuentas-2023-800x277.png 800w, https:\/\/www.salcedo.gob.ec\/wp-content\/uploads\/2024\/06\/Rendicion-de-cuentas-2023.png 1656w\" sizes=\"(max-width: 800px) 100vw, 800px\" \/>\t\t\t\t\t\t\t\t\t\t\t\t\t\t\t<\/div>\n\t\t\t\t\t<\/div>\n\t\t\t\t<\/div>\n\t\t<div class=\"elementor-element elementor-element-988c75f e-flex e-con-boxed e-con e-parent\" data-id=\"988c75f\" data-element_type=\"container\" data-e-type=\"container\">\n\t\t\t\t\t<div class=\"e-con-inner\">\n\t\t\t\t<div class=\"elementor-element elementor-element-97d4a0e elementor-widget elementor-widget-n-accordion\" data-id=\"97d4a0e\" data-element_type=\"widget\" data-e-type=\"widget\" data-settings=\"{&quot;default_state&quot;:&quot;expanded&quot;,&quot;max_items_expended&quot;:&quot;one&quot;,&quot;n_accordion_animation_duration&quot;:{&quot;unit&quot;:&quot;ms&quot;,&quot;size&quot;:400,&quot;sizes&quot;:[]}}\" data-widget_type=\"nested-accordion.default\">\n\t\t\t\t\t\t\t<div class=\"e-n-accordion\" aria-label=\"Accordion. Open links with Enter or Space, close with Escape, and navigate with Arrow Keys\">\n\t\t\t\t\t\t<details id=\"e-n-accordion-item-1590\" class=\"e-n-accordion-item\" open>\n\t\t\t\t<summary class=\"e-n-accordion-item-title\" data-accordion-index=\"1\" tabindex=\"0\" aria-expanded=\"true\" aria-controls=\"e-n-accordion-item-1590\" >\n\t\t\t\t\t<span class='e-n-accordion-item-title-header'><div class=\"e-n-accordion-item-title-text\"> Diagn\u00f3stico <\/div><\/span>\n\t\t\t\t\t\t\t<span class='e-n-accordion-item-title-icon'>\n\t\t\t<span class='e-opened' ><svg aria-hidden=\"true\" class=\"e-font-icon-svg e-fas-minus\" viewBox=\"0 0 448 512\" xmlns=\"http:\/\/www.w3.org\/2000\/svg\"><path d=\"M416 208H32c-17.67 0-32 14.33-32 32v32c0 17.67 14.33 32 32 32h384c17.67 0 32-14.33 32-32v-32c0-17.67-14.33-32-32-32z\"><\/path><\/svg><\/span>\n\t\t\t<span class='e-closed'><svg aria-hidden=\"true\" class=\"e-font-icon-svg e-fas-plus\" viewBox=\"0 0 448 512\" xmlns=\"http:\/\/www.w3.org\/2000\/svg\"><path d=\"M416 208H272V64c0-17.67-14.33-32-32-32h-32c-17.67 0-32 14.33-32 32v144H32c-17.67 0-32 14.33-32 32v32c0 17.67 14.33 32 32 32h144v144c0 17.67 14.33 32 32 32h32c17.67 0 32-14.33 32-32V304h144c17.67 0 32-14.33 32-32v-32c0-17.67-14.33-32-32-32z\"><\/path><\/svg><\/span>\n\t\t<\/span>\n\n\t\t\t\t\t\t<\/summary>\n\t\t\t\t<div role=\"region\" aria-labelledby=\"e-n-accordion-item-1590\" class=\"elementor-element elementor-element-7d76f69 e-con-full e-flex e-con e-child\" data-id=\"7d76f69\" data-element_type=\"container\" data-e-type=\"container\">\n\t\t<div role=\"region\" aria-labelledby=\"e-n-accordion-item-1590\" class=\"elementor-element elementor-element-52c4752 e-flex e-con-boxed e-con e-child\" data-id=\"52c4752\" data-element_type=\"container\" data-e-type=\"container\">\n\t\t\t\t\t<div class=\"e-con-inner\">\n\t\t\t\t<div class=\"elementor-element elementor-element-a48f7e1 elementor-widget elementor-widget-text-editor\" data-id=\"a48f7e1\" data-element_type=\"widget\" data-e-type=\"widget\" data-widget_type=\"text-editor.default\">\n\t\t\t\t\t\t\t\t\t<ul><li><a href=\"https:\/\/drive.google.com\/file\/d\/1CccTCohL3uWJ1NCZs5nkKOf4GCJ5gvJJ\/view?usp=sharing\" target=\"_blank\" rel=\"noopener\">DATOS GENERALES PDYOT SALCEDO<\/a><\/li><li><a href=\"https:\/\/drive.google.com\/file\/d\/1R9AjXTwmLd5cUb1rPw_oroFkdXDeaSK7\/view?usp=sharing\" target=\"_blank\" rel=\"noopener\">L.L.FASE 1-2 DIAGNOSTICO BIOFISICO<\/a><\/li><li><a href=\"https:\/\/drive.google.com\/file\/d\/1Gd3qfzm8y7dF8QK54BACad9q-mjCqTQg\/view?usp=sharing\" target=\"_blank\" rel=\"noopener\">L.L.FASE 1-3 AN\u00c1LISIS SOCIO-CULTURAL<\/a><\/li><li><a href=\"https:\/\/drive.google.com\/file\/d\/1rIuQ3LrRJFR4_5QNMb60gHddXVuVqNFx\/view?usp=sharing\" target=\"_blank\" rel=\"noopener\">L.L FASE 1-4 DIAGNOSTICO ECONOMICO<\/a><\/li><li><a href=\"https:\/\/drive.google.com\/file\/d\/1e_rE8hDtqMZPcLKzrTuRCyVMZdjxTT1o\/view?usp=sharing\" target=\"_blank\" rel=\"noopener\">L.L.FASE 1-5 DIAGNOSTICO ASENTAMIENTOS HUMANOS Y CONECTIVIDAD MOVILIDAD<\/a>\u00a0<\/li><li><a href=\"https:\/\/drive.google.com\/file\/d\/1a_NekxnHQxvG8QTLzeooMca2EcEMMuF8\/view?usp=sharing\" target=\"_blank\" rel=\"noopener\">FASE 1-6 DIAGNOSTICO POLITICO INSTITUCIONAL<\/a><\/li><\/ul>\t\t\t\t\t\t\t\t<\/div>\n\t\t\t\t\t<\/div>\n\t\t\t\t<\/div>\n\t\t\t\t<\/div>\n\t\t\t\t\t<\/details>\n\t\t\t\t\t\t<details id=\"e-n-accordion-item-1591\" class=\"e-n-accordion-item\" >\n\t\t\t\t<summary class=\"e-n-accordion-item-title\" data-accordion-index=\"2\" tabindex=\"-1\" aria-expanded=\"false\" aria-controls=\"e-n-accordion-item-1591\" >\n\t\t\t\t\t<span class='e-n-accordion-item-title-header'><div class=\"e-n-accordion-item-title-text\"> Modelo de Gesti\u00f3n <\/div><\/span>\n\t\t\t\t\t\t\t<span class='e-n-accordion-item-title-icon'>\n\t\t\t<span class='e-opened' ><svg aria-hidden=\"true\" class=\"e-font-icon-svg e-fas-minus\" viewBox=\"0 0 448 512\" xmlns=\"http:\/\/www.w3.org\/2000\/svg\"><path d=\"M416 208H32c-17.67 0-32 14.33-32 32v32c0 17.67 14.33 32 32 32h384c17.67 0 32-14.33 32-32v-32c0-17.67-14.33-32-32-32z\"><\/path><\/svg><\/span>\n\t\t\t<span class='e-closed'><svg aria-hidden=\"true\" class=\"e-font-icon-svg e-fas-plus\" viewBox=\"0 0 448 512\" xmlns=\"http:\/\/www.w3.org\/2000\/svg\"><path d=\"M416 208H272V64c0-17.67-14.33-32-32-32h-32c-17.67 0-32 14.33-32 32v144H32c-17.67 0-32 14.33-32 32v32c0 17.67 14.33 32 32 32h144v144c0 17.67 14.33 32 32 32h32c17.67 0 32-14.33 32-32V304h144c17.67 0 32-14.33 32-32v-32c0-17.67-14.33-32-32-32z\"><\/path><\/svg><\/span>\n\t\t<\/span>\n\n\t\t\t\t\t\t<\/summary>\n\t\t\t\t<div role=\"region\" aria-labelledby=\"e-n-accordion-item-1591\" class=\"elementor-element elementor-element-5adfa56 e-con-full e-flex e-con e-child\" data-id=\"5adfa56\" data-element_type=\"container\" data-e-type=\"container\">\n\t\t<div role=\"region\" aria-labelledby=\"e-n-accordion-item-1591\" class=\"elementor-element elementor-element-d2525e1 e-flex e-con-boxed e-con e-child\" data-id=\"d2525e1\" data-element_type=\"container\" data-e-type=\"container\">\n\t\t\t\t\t<div class=\"e-con-inner\">\n\t\t\t\t<div class=\"elementor-element elementor-element-222162a elementor-widget elementor-widget-text-editor\" data-id=\"222162a\" data-element_type=\"widget\" data-e-type=\"widget\" data-widget_type=\"text-editor.default\">\n\t\t\t\t\t\t\t\t\t<ul><li><a href=\"https:\/\/drive.google.com\/file\/d\/1URSMVwg83GegLYvfJt2xhKihwBioxNZS\/view?usp=sharing\" target=\"_blank\" rel=\"noopener\">MODELO DE GESTI\u00d3N<\/a><\/li><\/ul>\t\t\t\t\t\t\t\t<\/div>\n\t\t\t\t\t<\/div>\n\t\t\t\t<\/div>\n\t\t\t\t<\/div>\n\t\t\t\t\t<\/details>\n\t\t\t\t\t\t<details id=\"e-n-accordion-item-1592\" class=\"e-n-accordion-item\" >\n\t\t\t\t<summary class=\"e-n-accordion-item-title\" data-accordion-index=\"3\" tabindex=\"-1\" aria-expanded=\"false\" aria-controls=\"e-n-accordion-item-1592\" >\n\t\t\t\t\t<span class='e-n-accordion-item-title-header'><div class=\"e-n-accordion-item-title-text\"> Propuesta - Modelo Territorial Deseado  <\/div><\/span>\n\t\t\t\t\t\t\t<span class='e-n-accordion-item-title-icon'>\n\t\t\t<span class='e-opened' ><svg aria-hidden=\"true\" class=\"e-font-icon-svg e-fas-minus\" viewBox=\"0 0 448 512\" xmlns=\"http:\/\/www.w3.org\/2000\/svg\"><path d=\"M416 208H32c-17.67 0-32 14.33-32 32v32c0 17.67 14.33 32 32 32h384c17.67 0 32-14.33 32-32v-32c0-17.67-14.33-32-32-32z\"><\/path><\/svg><\/span>\n\t\t\t<span class='e-closed'><svg aria-hidden=\"true\" class=\"e-font-icon-svg e-fas-plus\" viewBox=\"0 0 448 512\" xmlns=\"http:\/\/www.w3.org\/2000\/svg\"><path d=\"M416 208H272V64c0-17.67-14.33-32-32-32h-32c-17.67 0-32 14.33-32 32v144H32c-17.67 0-32 14.33-32 32v32c0 17.67 14.33 32 32 32h144v144c0 17.67 14.33 32 32 32h32c17.67 0 32-14.33 32-32V304h144c17.67 0 32-14.33 32-32v-32c0-17.67-14.33-32-32-32z\"><\/path><\/svg><\/span>\n\t\t<\/span>\n\n\t\t\t\t\t\t<\/summary>\n\t\t\t\t<div role=\"region\" aria-labelledby=\"e-n-accordion-item-1592\" class=\"elementor-element elementor-element-a7170b0 e-con-full e-flex e-con e-child\" data-id=\"a7170b0\" data-element_type=\"container\" data-e-type=\"container\">\n\t\t<div role=\"region\" aria-labelledby=\"e-n-accordion-item-1592\" class=\"elementor-element elementor-element-fbe3844 e-flex e-con-boxed e-con e-child\" data-id=\"fbe3844\" data-element_type=\"container\" data-e-type=\"container\">\n\t\t\t\t\t<div class=\"e-con-inner\">\n\t\t\t\t<div class=\"elementor-element elementor-element-842fb0d elementor-widget elementor-widget-text-editor\" data-id=\"842fb0d\" data-element_type=\"widget\" data-e-type=\"widget\" data-widget_type=\"text-editor.default\">\n\t\t\t\t\t\t\t\t\t<ul><li><a href=\"https:\/\/drive.google.com\/file\/d\/16AS3z50duB5JeemiRkq8kwxLlZqwb9dT\/view?usp=sharing\" target=\"_blank\" rel=\"noopener\">PROPUESTA -MODELO DE GESTI\u00d3N GAD SALCEDO<\/a><\/li><li><a href=\"https:\/\/docs.google.com\/spreadsheets\/d\/1VDZboQkZKpef39raYeWPwC2VAjVGq2ha\/edit?usp=sharing&amp;ouid=104752112551059466440&amp;rtpof=true&amp;sd=true\" target=\"_blank\" rel=\"noopener\">MATRIZ PROGRAMAS Y PROYECTOS DE SALCEDO<\/a><\/li><\/ul>\t\t\t\t\t\t\t\t<\/div>\n\t\t\t\t\t<\/div>\n\t\t\t\t<\/div>\n\t\t\t\t<\/div>\n\t\t\t\t\t<\/details>\n\t\t\t\t\t<\/div>\n\t\t\t\t\t\t<\/div>\n\t\t\t\t\t<\/div>\n\t\t\t\t<\/div>\n\t\t<div class=\"elementor-element elementor-element-1b10160 e-flex e-con-boxed e-con e-parent\" data-id=\"1b10160\" data-element_type=\"container\" data-e-type=\"container\">\n\t\t\t\t\t<div class=\"e-con-inner\">\n\t\t\t\t<div class=\"elementor-element elementor-element-0dfd884 elementor-widget elementor-widget-video\" data-id=\"0dfd884\" data-element_type=\"widget\" data-e-type=\"widget\" data-settings=\"{&quot;youtube_url&quot;:&quot;https:\\\/\\\/youtu.be\\\/iy4b_gIeUKM&quot;,&quot;video_type&quot;:&quot;youtube&quot;,&quot;controls&quot;:&quot;yes&quot;}\" data-widget_type=\"video.default\">\n\t\t\t\t\t\t\t<div class=\"elementor-wrapper elementor-open-inline\">\n\t\t\t<div class=\"elementor-video\"><\/div>\t\t<\/div>\n\t\t\t\t\t\t<\/div>\n\t\t\t\t\t<\/div>\n\t\t\t\t<\/div>\n\t\t\t\t<\/div>\n\t\t","protected":false},"excerpt":{"rendered":"<p>Diagn\u00f3stico DATOS GENERALES PDYOT SALCEDO L.L.FASE 1-2 DIAGNOSTICO BIOFISICO L.L.FASE 1-3 AN\u00c1LISIS SOCIO-CULTURAL L.L FASE 1-4 DIAGNOSTICO ECONOMICO L.L.FASE 1-5 DIAGNOSTICO ASENTAMIENTOS HUMANOS Y CONECTIVIDAD MOVILIDAD\u00a0 FASE 1-6 DIAGNOSTICO POLITICO INSTITUCIONAL Modelo de Gesti\u00f3n MODELO DE GESTI\u00d3N Propuesta &#8211; Modelo Territorial Deseado PROPUESTA -MODELO DE GESTI\u00d3N GAD SALCEDO MATRIZ PROGRAMAS Y PROYECTOS DE SALCEDO DATOS [&hellip;]<\/p>\n","protected":false},"author":1,"featured_media":0,"parent":0,"menu_order":0,"comment_status":"closed","ping_status":"closed","template":"","meta":{"_acf_changed":false,"_crdt_document":"","footnotes":""},"class_list":["post-9421","page","type-page","status-publish","hentry"],"acf":[],"_links":{"self":[{"href":"https:\/\/www.salcedo.gob.ec\/index.php?rest_route=\/wp\/v2\/pages\/9421","targetHints":{"allow":["GET"]}}],"collection":[{"href":"https:\/\/www.salcedo.gob.ec\/index.php?rest_route=\/wp\/v2\/pages"}],"about":[{"href":"https:\/\/www.salcedo.gob.ec\/index.php?rest_route=\/wp\/v2\/types\/page"}],"author":[{"embeddable":true,"href":"https:\/\/www.salcedo.gob.ec\/index.php?rest_route=\/wp\/v2\/users\/1"}],"replies":[{"embeddable":true,"href":"https:\/\/www.salcedo.gob.ec\/index.php?rest_route=%2Fwp%2Fv2%2Fcomments&post=9421"}],"version-history":[{"count":0,"href":"https:\/\/www.salcedo.gob.ec\/index.php?rest_route=\/wp\/v2\/pages\/9421\/revisions"}],"wp:attachment":[{"href":"https:\/\/www.salcedo.gob.ec\/index.php?rest_route=%2Fwp%2Fv2%2Fmedia&parent=9421"}],"curies":[{"name":"wp","href":"https:\/\/api.w.org\/{rel}","templated":true}]}}