{"id":9687,"date":"2024-07-29T12:02:17","date_gmt":"2024-07-29T17:02:17","guid":{"rendered":"https:\/\/www.salcedo.gob.ec\/?page_id=9687"},"modified":"2024-08-01T10:04:27","modified_gmt":"2024-08-01T15:04:27","slug":"presupuesto-participativo-2025","status":"publish","type":"page","link":"https:\/\/www.salcedo.gob.ec\/?page_id=9687","title":{"rendered":"PRESUPUESTO PARTICIPATIVO 2025"},"content":{"rendered":"\n<div class=\"wp-block-stackable-columns alignfull stk-block-columns stk-block stk-e790efb stk-block-background\" data-block-id=\"e790efb\"><style>.stk-e790efb{background-color:var(--stk-global-color-81840,#f6f6f6) !important;padding-top:80px !important;padding-bottom:80px !important}.stk-e790efb:before{background-color:var(--stk-global-color-81840,#f6f6f6) !important}.stk-e790efb-column{--stk-column-gap:48px !important}<\/style><div class=\"stk-row stk-inner-blocks stk-block-content stk-content-align stk-e790efb-column alignwide\">\n<div class=\"wp-block-stackable-column stk-block-column stk-column stk-block stk-d34c3f6\" data-v=\"4\" data-block-id=\"d34c3f6\"><style>.stk-d34c3f6-inner-blocks{justify-content:center !important}.stk-d34c3f6-container{display:flex !important}<\/style><div class=\"stk-column-wrapper stk-block-column__content stk-container stk-d34c3f6-container stk--no-background stk--no-padding\"><div class=\"stk-block-content stk-inner-blocks stk-d34c3f6-inner-blocks\">\n<div class=\"wp-block-stackable-image stk-block-image stk-block stk-a1b0d86\" data-block-id=\"a1b0d86\"><style>.stk-a1b0d86 .stk-img-wrapper{filter:drop-shadow(7px 5px 30px #48497927) !important}<\/style><figure><span class=\"stk-img-wrapper stk-image--shape-stretch stk--shadow-7px 5px 30px #48497927\"><img fetchpriority=\"high\" decoding=\"async\" class=\"stk-img wp-image-8902\" src=\"https:\/\/www.salcedo.gob.ec\/wp-content\/uploads\/2024\/03\/MUNICIPIO-scaled.jpg\" width=\"2560\" height=\"1702\" srcset=\"https:\/\/www.salcedo.gob.ec\/wp-content\/uploads\/2024\/03\/MUNICIPIO-scaled.jpg 2560w, https:\/\/www.salcedo.gob.ec\/wp-content\/uploads\/2024\/03\/MUNICIPIO-300x199.jpg 300w, https:\/\/www.salcedo.gob.ec\/wp-content\/uploads\/2024\/03\/MUNICIPIO-1024x681.jpg 1024w, https:\/\/www.salcedo.gob.ec\/wp-content\/uploads\/2024\/03\/MUNICIPIO-768x511.jpg 768w, https:\/\/www.salcedo.gob.ec\/wp-content\/uploads\/2024\/03\/MUNICIPIO-1536x1021.jpg 1536w, https:\/\/www.salcedo.gob.ec\/wp-content\/uploads\/2024\/03\/MUNICIPIO-2048x1362.jpg 2048w, https:\/\/www.salcedo.gob.ec\/wp-content\/uploads\/2024\/03\/MUNICIPIO-320x213.jpg 320w, https:\/\/www.salcedo.gob.ec\/wp-content\/uploads\/2024\/03\/MUNICIPIO-480x319.jpg 480w, https:\/\/www.salcedo.gob.ec\/wp-content\/uploads\/2024\/03\/MUNICIPIO-800x532.jpg 800w, https:\/\/www.salcedo.gob.ec\/wp-content\/uploads\/2024\/03\/MUNICIPIO-272x182.jpg 272w\" sizes=\"(max-width: 2560px) 100vw, 2560px\" \/><\/span><\/figure><\/div>\n<\/div><\/div><\/div>\n\n\n\n<div class=\"wp-block-stackable-column stk-block-column stk-column stk-block stk-90e2f18\" data-v=\"4\" data-block-id=\"90e2f18\"><div class=\"stk-column-wrapper stk-block-column__content stk-container stk-90e2f18-container stk--no-background stk--no-padding\"><div class=\"stk-block-content stk-inner-blocks stk-90e2f18-inner-blocks\">\n<div class=\"wp-block-stackable-subtitle stk-block-subtitle stk-block stk-cb0d72e\" data-block-id=\"cb0d72e\"><style>.stk-cb0d72e{margin-bottom:8px !important}.stk-cb0d72e .stk-block-subtitle__text{font-size:16px !important;color:#ed5521 !important;font-weight:bold !important;text-transform:uppercase !important;font-family:\"Inter\",Sans-serif !important;letter-spacing:1px !important}@media screen and (max-width:1023px){.stk-cb0d72e .stk-block-subtitle__text{font-size:16px !important}}<\/style><p class=\"stk-block-subtitle__text stk-subtitle has-text-color\"><span style=\"color: #0693e3;\" class=\"stk-highlight\">PRESUPUESTO PARTICIPATIVO 2025<\/span><\/p><\/div>\n\n\n\n<div class=\"wp-block-stackable-heading stk-block-heading stk-block-heading--v2 stk-block stk-535afc6\" id=\"span-style-color-71787-e-class-stk-highlight-que-es-el-presupuesto-participativo-span\" data-block-id=\"535afc6\"><style>.stk-535afc6 .stk-block-heading__text{font-size:48px !important;color:#1a1a1a !important;font-weight:800 !important;font-family:\"Raleway\",Sans-serif !important}@media screen and (max-width:1023px){.stk-535afc6 .stk-block-heading__text{font-size:48px !important}}<\/style><h2 class=\"stk-block-heading__text has-text-color has-text-align-left\"><span style=\"color: #71787e;\" class=\"stk-highlight\">\u00bfQ\u00fae es el Presupuesto Participativo?<\/span><\/h2><\/div>\n\n\n\n<div class=\"wp-block-stackable-text stk-block-text stk-block stk-12cc38f\" data-block-id=\"12cc38f\"><style>.stk-12cc38f .stk-block-text__text{color:var(--stk-global-color-56986,#111111) !important}<\/style><p class=\"stk-block-text__text has-text-color has-stk-global-color-56986-color\">Es un proceso que se basa en el derecho ciudadano de participar protag\u00f3nicamente en la toma de decisiones en torno a la distribuci\u00f3n equitativa de los recursos p\u00fablicos, que se implementa en un espacio com\u00fan y compartido entre autoridades de los GAD&#8217;s, la ciudadan\u00eda y organizaciones sociales, a trav\u00e9s del di\u00e1logo y consenso permanente; es decir, es el proceso en el que las autoridades y la ciudadan\u00eda definen conjuntamente, c\u00f3mo y en qu\u00e9 invertir los recursos del Gobierno local.<\/p><\/div>\n\n\n\n<div class=\"wp-block-stackable-heading stk-block-heading stk-block-heading--v2 stk-block stk-21ff804\" id=\"cronograma-presupuesto-participativo\" data-block-id=\"21ff804\"><style>.stk-21ff804{margin-bottom:3px !important}.stk-21ff804 .stk-block-heading__text{font-size:24px !important;font-family:\"Raleway\",Sans-serif !important}@media screen and (max-width:1023px){.stk-21ff804 .stk-block-heading__text{font-size:24px !important}}<\/style><h4 class=\"stk-block-heading__text\">Cronograma Presupuesto Participativo<\/h4><\/div>\n\n\n\n<div class=\"wp-block-buttons is-layout-flex wp-block-buttons-is-layout-flex\">\n<div class=\"wp-block-button\"><a class=\"wp-block-button__link wp-element-button\" href=\"https:\/\/www.salcedo.gob.ec\/?sdm_downloads=cronograma-presupuesto-participativo-2024\">Descargar archivo<\/a><\/div>\n<\/div>\n<\/div><\/div><\/div>\n<\/div><\/div>\n","protected":false},"excerpt":{"rendered":"<p>PRESUPUESTO PARTICIPATIVO 2025 \u00bfQ\u00fae es el Presupuesto Participativo? Es un proceso que se basa en el derecho ciudadano de participar protag\u00f3nicamente en la toma de decisiones en torno a la distribuci\u00f3n equitativa de los recursos p\u00fablicos, que se implementa en un espacio com\u00fan y compartido entre autoridades de los GAD&#8217;s, la ciudadan\u00eda y organizaciones sociales, [&hellip;]<\/p>\n","protected":false},"author":1,"featured_media":0,"parent":0,"menu_order":0,"comment_status":"closed","ping_status":"closed","template":"","meta":{"_acf_changed":false,"_crdt_document":"","footnotes":""},"class_list":["post-9687","page","type-page","status-publish","hentry"],"acf":[],"_links":{"self":[{"href":"https:\/\/www.salcedo.gob.ec\/index.php?rest_route=\/wp\/v2\/pages\/9687","targetHints":{"allow":["GET"]}}],"collection":[{"href":"https:\/\/www.salcedo.gob.ec\/index.php?rest_route=\/wp\/v2\/pages"}],"about":[{"href":"https:\/\/www.salcedo.gob.ec\/index.php?rest_route=\/wp\/v2\/types\/page"}],"author":[{"embeddable":true,"href":"https:\/\/www.salcedo.gob.ec\/index.php?rest_route=\/wp\/v2\/users\/1"}],"replies":[{"embeddable":true,"href":"https:\/\/www.salcedo.gob.ec\/index.php?rest_route=%2Fwp%2Fv2%2Fcomments&post=9687"}],"version-history":[{"count":0,"href":"https:\/\/www.salcedo.gob.ec\/index.php?rest_route=\/wp\/v2\/pages\/9687\/revisions"}],"wp:attachment":[{"href":"https:\/\/www.salcedo.gob.ec\/index.php?rest_route=%2Fwp%2Fv2%2Fmedia&parent=9687"}],"curies":[{"name":"wp","href":"https:\/\/api.w.org\/{rel}","templated":true}]}}